. Calculate the greatest common factor of c and 248.
62
Let h(k) = -6*k + 4. Let q be h(1). Let z(x) be the first derivative of -22*x**2 + 2*x - 1. Let p be z(q). What is the highest common factor of p and 18?
18
Let z = -7 - -11. Suppose -z*g + 21 = l - 16, 4*l - 13 = -g. Suppose -5*k = -3*k - 72. What is the greatest common divisor of g and k?
9
Suppose o - 6 = -2*o. Suppose 5*x = -3*c + 503, 4*x = o*c - 0*c - 350. What is the highest common divisor of c and 19?
19
Suppose 4*t - 5 = -t, 79 = -4*j - t. Let x be 36 + (-2)/((-2)/(-1)). Let p = x + j. Calculate the highest common factor of 6 and p.
3
Suppose -16*d + 60 = -12*d. Suppose -4*r = -8*u + 3*u + d, -4*u + r + 23 = 0. Calculate the greatest common divisor of 7 and u.
7
Suppose -5*d = -4*d - 3. Calculate the greatest common factor of 1 and d.
1
Let f = 6 + 4. Calculate the greatest common factor of 25 and f.
5
Let j be 0 - (-14 - (-3 + -1)). Calculate the greatest common factor of j and 15.
5
Suppose -7*g + 0*g + 161 = 0. What is the greatest common factor of g and 92?
23
Suppose -3*b + 3*y + 18 = -0*y, -5*b = -4*y - 26. Let l(t) = 24*t + 2. Let f be l(b). What is the highest common divisor of f and 20?
10
Let k = 77 + 59. Suppose -4*j = -2*j - 4*r - k, -67 = -j + r. Calculate the highest common factor of 44 and j.
22
Suppose 5*j + 19 - 60 = -s, -s = 3*j - 23. What is the greatest common divisor of j and 18?
9
Let p be 532/(-6) + 9/(-27). Let n = -64 - p. Calculate the highest common divisor of 5 and n.
5
Let h(j) = -54*j + 1. Let v be h(-1). Let x be ((-30)/50)/(9/(-330)). What is the highest common factor of x and v?
11
Let t be (-3 - -11 - -1)*-1. Let h(c) = c + 7. Let g be h(t). Let u = g - -8. What is the highest common divisor of u and 4?
2
Suppose 0 = 3*b + 2*b - 40. Let q(k) = k**3 + 2*k**2 + 4*k + 4. Let t be q(-1). Calculate the greatest common factor of b and t.
1
Let u = 71 + -51. Calculate the highest common divisor of u and 160.
20
Let u(m) = -m**3 - 2*m**2 + 2*m - 9. Let w be u(-4). What is the greatest common factor of w and 15?
15
Suppose -b = 4*b - 60. Calculate the greatest common divisor of b and 30.
6
Suppose y - 51 = -v, 0*v - v + 5*y + 51 = 0. Suppose -2*w + 57 = -10*a + 5*a, -5*a = w - v. Calculate the highest common factor of 54 and w.
18
Let t(i) = i**3 + i**2. Let x be t(-1). Suppose x = -10*k + 5*k + 75. What is the greatest common divisor of 10 and k?
5
Let i(q) = q**3 + 6*q**2 - 2*q - 5. Let s be i(-5). Let d be (-6)/15 - (-124)/10. Calculate the highest common divisor of d and s.
6
Suppose 5*f = 4*f + 33. Let r = 35 + -24. Calculate the highest common factor of f and r.
11
Let s be ((-3)/2 + 2)*2. Let t = s - -3. Suppose 3*x - 88 - 44 = 0. Calculate the greatest common factor of x and t.
4
Let y(r) = -r**3 + 5*r**2 - 3*r + 7. Let f be y(5). Let j(h) = h + 3. Let p be j(f). Let u = p - -10. Calculate the greatest common factor of u and 35.
5
Suppose -40 = -s + 25. What is the greatest common factor of 26 and s?
13
Suppose 2*y = 3*y. Suppose -3*c + 5*g + 231 = y, 3*g - 129 = -2*c - 2*g. Let x(m) = -3*m + 2. Let q be x(-2). What is the highest common factor of q and c?
8
Let k(g) = 3*g + 6. Let t be k(8). Let v be (-8 + 1)*(-6)/7. Calculate the highest common factor of v and t.
6
Let y(o) = 3*o - 6. Let q be y(4). Suppose p + 25 = q*p. Suppose 52 = -x + p*x. Calculate the greatest common factor of x and 13.
13
Suppose -2*d + 0*d - 4 = 0. Let g be d/4*(-333 - 1). Let t = g - 50. What is the greatest common divisor of 13 and t?
13
Suppose 58 = 2*v + 2*h, 2*v - 139 = -3*v - 2*h. What is the highest common divisor of v and 27?
27
Let o = 32 - 16. Suppose 4*a - o + 0 = 0. Suppose 12 = -a*p + 5*p. What is the highest common divisor of p and 6?
6
Let h(y) be the third derivative of 1/6*y**4 + 0 + 1/3*y**3 + 0*y + 3*y**2 + 1/30*y**5. Let a be h(-2). Calculate the greatest common divisor of 6 and a.
2
Let k(m) = m + 5. Let i be k(-3). Let s be 2/(-6) + (-6)/9. Let r be (0 + s)*-5 - -1. Calculate the highest common divisor of r and i.
2
Let i(s) = -5*s**3 + 3*s**2 + 2*s - 3. Let q be i(-2). Calculate the greatest common divisor of q and 5.
5
Let r = 98 - 91. What is the highest common divisor of r and 49?
7
Suppose -9*d + 80 = -7*d. Calculate the highest common factor of 24 and d.
8
Let y = 73 - 21. Calculate the greatest common divisor of 26 and y.
26
Let g(u) = 2*u + 16. Let y be g(-4). Calculate the highest common factor of y and 24.
8
Suppose 0 = -3*i - 4*j - 86, -j + 0*j + 24 = -i. Let o = -14 - i. Calculate the highest common divisor of o and 60.
12
Let z = 6 + 30. Let a = 32 + -23. Calculate the greatest common divisor of a and z.
9
Let f = 3 - -1. Suppose -3*u + f*i = 2*i - 16, -u - i - 3 = 0. Suppose p - 9 = 2*l, l + 10 = -2*p - u*l. Calculate the highest common factor of 8 and p.
1
Let j(n) = 72*n. Let i be j(2). Let z be ((-3)/(-2))/(2/(-108)). Let b = z + i. Calculate the greatest common factor of b and 7.
7
Suppose -l = -5*l. Suppose 20 = -l*v + 4*v. Suppose y = -2*s + 3, -s + 2 - v = 0. Calculate the greatest common factor of 63 and y.
9
Suppose -34 - 48 = -2*i + 4*h, 5*i - 172 = -h. Calculate the highest common divisor of 70 and i.
35
Let m(o) = 35*o + 5. Let v be m(4). Calculate the highest common divisor of 29 and v.
29
Let g = -21 - -22. Let q be (105/(-4))/(g/(-8)). Calculate the highest common divisor of 35 and q.
35
Suppose -f = -2*f + 45. Let u = -54 + 75. Suppose -u = -v + 4*n, -2 = -3*v + n + 17. Calculate the greatest common factor of f and v.
5
Suppose 0 = 2*z - 12. Calculate the highest common divisor of 30 and z.
6
Let b = -76 - -127. What is the highest common factor of b and 34?
17
Suppose -5*b + 11 = -44. What is the greatest common divisor of b and 88?
11
Let q(w) = 6*w**2 + 4*w + 4. Let r be q(-2). Calculate the highest common divisor of r and 15.
5
Let n be (-2)/2 + (-15 - -1). Let j be (72/n)/((-4)/90). Suppose -o = -0*o - 12. Calculate the greatest common divisor of o and j.
12
Suppose 0 = u - 39 - 0. Let j = -57 + u. Let k = j + 25. Calculate the greatest common factor of k and 7.
7
Suppose 0 = -4*q + 12, 0*q = -2*i - 4*q + 62. Calculate the greatest common factor of i and 100.
25
Let s = 111 - 103. What is the greatest common factor of s and 4?
4
Let r(d) = -d**3 + 8*d + 6. Let l be r(-5). Calculate the highest common divisor of l and 13.
13
Let b(i) = i**2 - 12*i - 39. Let s be b(17). Calculate the greatest common factor of s and 46.
46
Let p(c) = c**3 - 4*c**2 - 4*c - 3. Let a be p(5). Let d = 0 - 0. Let o be (1 - -2) + d + 5. What is the highest common factor of a and o?
2
Let s(g) = g**2 - 6*g + 1. Let m be s(6). Let n = 21 + m. What is the greatest common divisor of n and 55?
11
Let t be 14/35 + 176/10. What is the greatest common factor of 144 and t?
18
Let b(u) = -2*u**3 + 2*u**2 + 2*u - 1. Let k be b(-2). Suppose h = 5*s - 39 - 341, 5*h = s - 76. What is the greatest common divisor of k and s?
19
Let h(w) = -144*w**2 + w. Let s be h(1). Let n = s + 1. Let q = n - -205. What is the greatest common factor of 42 and q?
21
Suppose -5*h + m + 255 = 0, 3*h = -2*m + 40 + 100. Suppose 2*r = -0*r - 4*w + 10, 3*r = w + h. Calculate the highest common factor of 30 and r.
15
Suppose -4*g = g - 75. Suppose 6*n = n + 825. What is the greatest common divisor of g and n?
15
Let i = 154 + -28. Let v = 116 - 59. Suppose a - 78 = -4*q - 23, -4*q = -a - v. Calculate the greatest common factor of q and i.
14
Let y = 0 - -4. Let r be (y + -5)/(1/(-13)). Calculate the highest common divisor of 117 and r.
13
Let u(o) = -2*o**2 - 8*o - 8. Let c(j) = -j**2. Let t(x) = 3*c(x) - u(x). Let g be t(7). What is the greatest common divisor of g and 6?
3
Let r = 26 - 20. What is the greatest common factor of 4 and r?
2
Suppose 6*q + 58 = 808. Let a = -15 + q. Let y(p) = 4*p**2 - 4*p + 2. Let b be y(2). Calculate the highest common divisor of a and b.
10
Suppose -3*a + 2*w + 26 = 0, 3*w - 18 = 2*a - 7*a. Calculate the greatest common factor of a and 15.
3
Let x be (-26)/(-91) + -1 + (-453)/(-7). What is the greatest common factor of 4 and x?
4
Suppose -4*o + o = 0. Suppose 3*k + v + 14 = -o*k, 2*v = -2*k - 12. Let n be k/(-20) + 68/10. What is the highest common divisor of 14 and n?
7
Let d(h) = 52*h - 1. Let y be d(1). Suppose -2*u + y = u. What is the 